-107
Let n(a) = a**2 - 347*a + 7733. Calculate n(24).
-19
Let h(t) = -156*t**3 - 1089*t**2 + 162*t + 1078. Determine h(-7).
91
Let j(t) = -32*t**2 + 794*t - 4020. Calculate j(5).
-850
Let r(m) = 28*m**2 - 154*m + 74. Determine r(4).
-94
Let f(n) = -7995*n - 79443. What is f(-10)?
507
Let v(o) = -o**3 + 159*o**2 - 3464*o + 816. Determine v(133).
18
Let a(l) = -39*l**2 + 3566*l + 21437. Give a(-6).
-1363
Let p(w) = w**3 + 84*w**2 - 244*w - 179. Calculate p(-87).
-1658
Let j(m) = -1639*m - 7901. Determine j(-5).
294
Let o(g) = -2*g**2 - 19658*g - 705749. Give o(-36).
-653
Let x(u) = 2*u**2 + 127*u + 563. Give x(-59).
32
Let k(h) = h**3 - 292*h**2 + 5685*h - 206328. Calculate k(274).
-6
Let a(p) = 26*p**2 - 19405*p + 58220. Give a(3).
239
Let i(z) = 158*z**2 - 443*z - 68. Give i(3).
25
Let z(m) = 3106*m + 9380. Determine z(-3).
62
Let v(i) = -57256*i - 26624051. What is v(-465)?
-11
Let m(w) = -3*w**2 + 149*w - 1800. Give m(21).
6
Let j(r) = -2*r**3 - 1033*r**2 - 19*r + 256366. What is j(-516)?
-86
Let q(b) = b**2 + 10603*b - 74267. Determine q(7).
3
Let c(g) = -23*g**2 + 322*g + 283. What is c(15)?
-62
Let i(r) = 56*r**2 - 3474*r + 153. What is i(62)?
29
Let l(w) = -6*w**2 - 274*w + 1131. Give l(4).
-61
Let q(c) = -c**2 - 1331*c + 25658. Calculate q(19).
8
Let q(l) = -51*l + 3619. Determine q(27).
2242
Let v(o) = o**2 + 122*o - 176424. What is v(364)?
480
Let x(t) = t**2 - 571*t + 22062. Give x(42).
-156
Let m(t) = -t**3 + 29*t**2 + 136*t - 5535. Calculate m(26).
29
Let z(v) = 5*v**2 + 1791*v + 33810. Determine z(-20).
-10
Let s(w) = -6*w**3 + 40*w**2 - 740*w - 2743. Determine s(-3).
-1
Let a(u) = -599*u + 12439. Calculate a(21).
-140
Let x(q) = q**2 - 670*q + 92813. Determine x(471).
-916
Let l(x) = x**3 + 35*x**2 + 160*x + 181. Give l(-30).
-119
Let x(v) = 30*v**2 - 408*v + 572. Give x(19).
3650
Let t(p) = 835*p + 152709. Determine t(-183).
-96
Let c(d) = 28*d**3 - 2645*d**2 - 2649*d - 4. What is c(-1)?
-28
Let w(i) = -i**3 + 226*i**2 - 1263*i + 795. What is w(5)?
5
Let i(u) = 16*u**3 + 790*u**2 + 272*u - 1071. Determine i(-49).
7
Let z(b) = -29*b**2 + 196*b - 245. Determine z(6).
-113
Let a(y) = -45271*y + 497989. What is a(11)?
8
Let n(a) = 20874*a + 83793. Calculate n(-4).
297
Let j(t) = -12296*t - 1487832. Determine j(-121).
-16
Let n(t) = -26*t**2 + 3188*t + 17923. What is n(128)?
3
Let w(n) = -508*n + 3611. Determine w(8).
-453
Let z(r) = -r**3 - 653*r**2 - 3248*r - 20. Calculate z(-5).
20
Let h(p) = 30*p**2 - 5224*p - 31367. Give h(-6).
1057
Let g(r) = r**3 - 2187*r**2 + 68962*r - 57. Give g(32).
7
Let f(m) = -45*m**2 + 11247*m + 58135. Calculate f(255).
-5
Let o(p) = -2*p**3 - 732*p**2 - 1120*p + 122308. Calculate o(-364).
4
Let k(v) = -11995*v**2 + 36049*v - 25. Calculate k(3).
167
Let f(w) = 897*w + 223817. Give f(-249).
464
Let k(f) = -142*f + 18926. What is k(131)?
324
Let r(u) = -u**3 + 81*u**2 + 607*u + 992. Calculate r(88).
200
Let x(c) = 5*c**2 + 4867*c - 14598. Calculate x(3).
48
Let c(d) = 7*d**3 - 202*d**2 + 29*d - 169. What is c(29)?
1513
Let y(t) = -t**2 + 19086*t + 133623. Calculate y(-7).
-28
Let b(n) = -15*n**2 + 516*n + 3659. Calculate b(-6).
23
Let v(q) = -q**2 + 19*q + 1674. Calculate v(-32).
42
Let g(c) = 136*c**2 + 693*c + 47. Give g(-5).
-18
Let l(d) = 126863*d - 2537201. Determine l(20).
59
Let g(d) = 270*d + 240. Give g(-4).
-840
Let y(s) = -772*s**2 + 10*s - 15. Determine y(1).
-777
Let j(w) = w**3 + 13*w**2 - 9071*w + 11. Give j(0).
11
Let l(u) = -2*u**2 + 657*u - 12506. What is l(20)?
-166
Let p(w) = -1266*w - 428268. Calculate p(-338).
-360
Let q(p) = p**2 + 4156*p - 1640393. Calculate q(363).
4
Let s(o) = 362*o - 27704. What is s(63)?
-4898
Let c(u) = -u**2 + 773*u + 238120. Give c(1009).
-4
Let y(n) = -64*n**2 - 73*n - 296. Calculate y(-4).
-1028
Let s(v) = v**3 - 22*v**2 + v - 36. What is s(21)?
-456
Let s(o) = 8*o**3 - 1351*o**2 - 164*o - 846. Calculate s(169).
-1
Let v(d) = -5*d**3 - 12*d**2 + 108*d + 303. Give v(-3).
6
Let i(a) = -2*a**3 - 5*a**2 + 13*a + 33. Determine i(-6).
207
Let b(n) = -4*n**3 - 841*n**2 + 4275*n - 90. Give b(5).
-240
Let x(u) = 72321*u + 795523. Determine x(-11).
-8
Let i(t) = 2*t**3 + 15*t**2 + 3*t + 110. Give i(0).
110
Let w(r) = -3*r**2 + 127*r + 592. What is w(33)?
1516
Let p(w) = 88162*w - 440763. Give p(5).
47
Let m(w) = w**3 + 27*w**2 - 37*w - 312. Calculate m(-28).
-60
Let v(p) = p**2 + 4029*p + 147991. Calculate v(-37).
287
Let j(m) = 7*m**2 - 1497*m - 5225. Determine j(217).
-451
Let s(p) = -33701*p**2 - 808822*p + 51. Calculate s(-24).
3
Let a(y) = -36*y**2 - 2802*y + 121465. Determine a(31).
7
Let v(n) = 32*n**3 + 5*n**2 + n - 7. What is v(1)?
31
Let p(h) = -h**3 - 5*h**2 - 775*h + 5042. Give p(6).
-4
Let l(y) = -122*y + 5540. Calculate l(21).
2978
Let i(y) = -405*y**2 - 1187*y - 2375. Determine i(-2).
-1621
Let o(c) = -328879*c - 1315499. Calculate o(-4).
17
Let w(m) = -m**3 - 83*m**2 - 171*m - 281. Calculate w(-81).
448
Let o(j) = -979*j + 29346. What is o(30)?
-24
Let w(o) = 6*o**2 + 286*o + 297. Calculate w(-48).
393
Let v(c) = -c**3 - 834*c**2 - 10577*c + 1223. What is v(-13)?
-25
Let b(z) = 2*z**3 - 18*z**2 - 70*z + 477. Calculate b(10).
-23
Let q(t) = -2*t**3 + 2960*t**2 + 17847*t - 22305. Determine q(1486).
-15
Let b(g) = 4504*g + 76550. Determine b(-17).
-18
Let o(a) = 2*a**3 + 37*a**2 - 138*a - 1436. Give o(-22).
-1788
Let c(j) = -7092*j - 113339. Determine c(-16).
133
Let v(q) = -634*q - 207003. What is v(-324)?
-1587
Let v(l) = 141*l + 671. Calculate v(-8).
-457
Let j(b) = -b**2 - 359*b + 66720. What is j(135)?
30
Let a(s) = -387*s**2 - 19734*s + 23. Determine a(-51).
-130
Let h(p) = -2060*p + 11900. What is h(6)?
-460
Let v(h) = -4306*h - 486645. Determine v(-113).
-67
Let b(g) = 3538*g + 311313. Give b(-88).
-31
Let d(s) = 815*s - 86791. Determine d(107).
414
Let g(h) = -32*h**2 + 2337*h - 12866. Give g(6).
4
Let b(g) = -10351*g - 268914. Determine b(-26).
212
Let d(b) = -4466*b + 200909. Calculate d(45).
-61
Let a(b) = 14*b**2 + 4710*b + 18848. Give a(-4).
232
Let a(y) = y**2 + 321*y + 10. Determine a(0).
10
Let m(p) = 263*p**3 - 544*p**2 - 4*p + 21. Determine m(2).
-59
Let h(c) = 946*c - 24625. What is h(26)?
-29
Let h(b) = 12281*b + 147422. Calculate h(-12).
50
Let w(a) = -4*a**3 - 62*a**2 - 196*a - 2376. Give w(-15).
114
Let v(z) = z**3 - 42*z**2 - 15*z + 491. What is v(42)?
-139
Let x(o) = -o**2 + 601*o - 81033. Calculate x(397).
-45
Let t(u) = -5*u**3 - 2621*u**2 + 5262*u - 5. Calculate t(2).
-5
Let n(l) = l**3 - 956*l**2 + 4773*l - 8. What is n(5)?
82
Let u(n) = 32*n**3 - 2*n**2 + 15*n - 12. Give u(1).
33
Let l(g) = 30995*g - 743808. Determine l(24).
72
Let q(s) = 21*s**2 - 1280*s - 79. What is q(61)?
-18
Let x(a) = -250417*a - 2504199. What is x(-10)?
-29
Let c(v) = -147332*v + 589309. Give c(4).
-19
Let a(q) = -21*q**2 - 4041*q - 12070. Determine a(-3).
-136
Let c(j) = 2*j**2 - 303885*j + 607763. Determine c(2).
1
Let o(c) = -18*c**2 - 912*c - 4843. Calculate o(-45).
-253
Let w(t) = 2535*t - 22776. What is w(9)?
39
Let i(h) = -6*h**2 + 799*h - 895. What is i(132)?
29
Let f(b) = -b**3 + 330*b**2 - 2816*b + 77271. Calculate f(322).
-9
Let t(w) = -671*w - 124858. Calculate t(-186).
-52
Let j(x) = 2*x**3 + 209*x**2 - 29788*x - 566. What is j(-185)?
-11
Let m(z) = -z**2 - 8902*z - 316. What is m(0)?
-316
Let s(d) = -2712*d + 8067. What is s(3)?
-69
Let h(t) = -2374*t + 42724. Determine h(18).
-8
Let o(p) = -2*p**2 - 3627*p + 21808. Give o(6).
-26
Let a(k) = -5*k**3 - 10*k**2 - 5*k - 29. Give a(-5).
371
Let x(y) = -41*y**2 + 387*y - 2497. What is x(8)?
-2025
Let p(m) = 501*m + 4851. Determine p(-9).
342
Let y(h) = h**2 + 1844*h - 429082. Determine y(209).
-5
Let b(p) = -6278*p + 308079. Give b(49).
457
Let k(d) = -13*d**3 + 1046*d**2 - 487*d + 870. Calculate k(80).
310
Let j(c) = 275*c**2 + 79551*c + 22011. What is j(-289)?
47
Let o(w) = -543*w + 99380. Determine o(183).
11
Let u(t) = 13*t**3 - 181*t**2 + 6*t - 539. Determine u(14).
-259
Let k(v) = -4*v**2 - 89*v + 1973. What is k(-40)?
-867
Let f(o) = -24*o**2 + 1744*o - 1155. Give f(72).
-3
Let d(w) = 4744*w - 71685. Calculate d(15).
-525
Let i(f) = f**3 + 13*f**2 + 1280*f + 13834. Give i(-11).
-4
Let h(d) = -d**3 + 47*d**2 - 430*d + 245. Give h(11).
-129
Let p(b) = b**3 + 38*b**2 - 86*b - 368. 